9?
151
Calculate the highest common divisor of 119375 and 105241.
191
What is the highest common divisor of 7930400 and 12800?
800
Calculate the greatest common factor of 3 and 44715364.
1
Calculate the greatest common divisor of 1510 and 51642.
302
What is the greatest common divisor of 851 and 3247117?
23
What is the highest common divisor of 1920307297 and 29?
29
What is the greatest common divisor of 171 and 12944833?
19
Calculate the greatest common factor of 5472 and 107684856.
1368
Calculate the highest common factor of 357820 and 640.
20
What is the highest common factor of 3501107240 and 1480?
1480
What is the highest common factor of 2002 and 1199506?
154
Calculate the greatest common divisor of 5398554 and 1792.
14
Calculate the greatest common factor of 50 and 50585950.
50
Calculate the greatest common factor of 124892 and 128.
4
Calculate the greatest common factor of 926108 and 211396.
164
What is the highest common factor of 192622733 and 34?
17
Calculate the greatest common divisor of 171 and 36000117.
171
What is the highest common factor of 2993394 and 24?
6
What is the greatest common divisor of 96 and 11906756?
4
What is the greatest common divisor of 7313 and 199865?
71
What is the greatest common factor of 74289210 and 50?
10
What is the greatest common divisor of 300888 and 76118?
14
Calculate the highest common divisor of 2757 and 85557981.
2757
Calculate the highest common factor of 2232 and 40638816.
72
What is the greatest common factor of 42 and 1102104?
6
Calculate the highest common divisor of 118712 and 39342236.
5396
Calculate the highest common divisor of 5470872 and 986.
34
What is the greatest common divisor of 120276396 and 4944?
1236
What is the highest common divisor of 69880 and 2632360?
40
What is the highest common divisor of 18437907 and 11512?
1439
Calculate the greatest common divisor of 4896119 and 493.
17
Calculate the greatest common factor of 63975 and 133050.
75
Calculate the highest common divisor of 86 and 485169.
43
What is the greatest common factor of 237005 and 86385?
2215
Calculate the greatest common factor of 127021 and 3959.
37
Calculate the highest common factor of 69 and 3901444.
23
Calculate the greatest common factor of 476393042 and 2318.
2318
What is the greatest common divisor of 8293088 and 2816?
32
What is the highest common divisor of 8200466 and 414?
46
What is the greatest common divisor of 440972 and 1883?
7
What is the highest common divisor of 4235008 and 69434?
466
What is the greatest common divisor of 53549275 and 2405?
65
Calculate the highest common divisor of 27 and 4010499.
27
What is the highest common divisor of 6771196 and 28388?
188
What is the highest common factor of 74 and 1576137322?
74
Calculate the greatest common factor of 36093 and 542757.
681
What is the highest common factor of 58890 and 14010?
30
What is the highest common divisor of 1849 and 625306?
43
Calculate the highest common factor of 5115897 and 99.
9
Calculate the greatest common factor of 324 and 3993732.
108
What is the greatest common factor of 43262424 and 8?
8
Calculate the greatest common divisor of 15090567 and 7716.
1929
What is the greatest common divisor of 863008 and 5688224?
4768
What is the highest common factor of 998023 and 39?
13
Calculate the greatest common divisor of 39272534 and 14.
14
What is the highest common factor of 317855460 and 408?
204
Calculate the highest common divisor of 2077 and 3074363.
31
What is the highest common divisor of 242 and 311992?
2
Calculate the greatest common factor of 12629 and 490455.
173
What is the highest common factor of 435 and 627519951?
87
Calculate the greatest common divisor of 775341 and 826119.
1953
What is the greatest common factor of 15 and 1401999?
3
What is the highest common divisor of 3123525 and 885?
15
Calculate the highest common divisor of 4761 and 608355.
9
Calculate the highest common divisor of 2060212 and 756.
28
Calculate the highest common divisor of 24790140 and 5220.
180
Calculate the highest common divisor of 1792 and 805672.
56
Calculate the greatest common factor of 808 and 424264.
8
What is the highest common factor of 27 and 837779832?
9
What is the greatest common divisor of 100 and 620897660?
20
Calculate the highest common divisor of 442 and 324298.
26
What is the greatest common divisor of 119991 and 20570631?
5217
What is the highest common divisor of 546 and 133955094?
546
Calculate the greatest common divisor of 20974912 and 3472.
112
What is the greatest common divisor of 65790 and 2463255?
1935
What is the greatest common divisor of 190 and 27296825?
95
Calculate the highest common factor of 4260 and 153060.
60
Calculate the greatest common divisor of 63096 and 4644.
12
What is the highest common divisor of 315283068 and 2664?
1332
What is the greatest common factor of 2066256 and 3336?
24
What is the greatest common factor of 1041 and 150225669?
1041
Calculate the greatest common divisor of 3448387079 and 23.
23
What is the greatest common factor of 50 and 106779200?
50
Calculate the greatest common divisor of 6097 and 852215.
91
Calculate the greatest common factor of 28 and 3565646.
14
Calculate the greatest common divisor of 530 and 348094672.
106
What is the greatest common divisor of 2336272127 and 686?
343
Calculate the greatest common factor of 36368 and 7059938.
4546
What is the greatest common factor of 1829 and 7177409?
59
What is the highest common factor of 2924683 and 127?
127
Calculate the highest common divisor of 254 and 29388308.
254
What is the greatest common divisor of 33067 and 369889?
769
Calculate the greatest common divisor of 136 and 1666920720.
136
What is the highest common divisor of 292789303 and 71?
71
Calculate the highest common divisor of 2843193 and 75597.
339
What is the highest common factor of 14715496 and 47?
1
What is the highest common divisor of 124190 and 2002?
22
Calculate the greatest common divisor of 22 and 1772507.
11
Calculate the highest common factor of 38359 and 2435841.
89
Calculate the highest common divisor of 15804 and 436356.
36
What is the greatest common factor of 295962907 and 1689?
563
What is the highest common factor of 150750 and 3300?
150
Calculate the greatest common factor of 219944 and 4218.
38
What is the highest common factor of 79272 and 2664?
72
What is the highest common divisor of 24840 and 936330?
690
What is the greatest common divisor of 3612713 and 3?
1
Calculate the greatest common divisor of 755256108 and 60.
12
Calculate the greatest common factor of 2567650 and 29427.
577
What is the highest common divisor of 2068266 and 6954?
366
What is the greatest common factor of 56 and 635605180?
28
What is the greatest common factor of 901 and 1824712?
17
Calculate the greatest common factor of 253 and 11622259.
11
Calculate the greatest common factor of 551905 and 112316.
43
What is the highest common divisor of 340204 and 120836?
68
Calculate the greatest common factor of 39400 and 49107175.
4925
Calculate the greatest common divisor of 244 and 790288.
4
Calculate the highest common divisor of 18873150 and 34050.
150
What is the greatest common factor of 55048 and 9149?
7
Calculate the highest common divisor of 129976 and 2791952.
1688
What is the highest common divisor of 44577776 and 12496?
1136
What is the greatest common factor of 16 and 8554272?
16
Calculate the greatest common divisor of 62433 and 2667.
21
What is the highest common divisor of 1288 and 911435812?
644
What is the greatest common factor of 2740155 and 2420?
55
Calculate the greatest common factor of 85484 and 2199407.
301
What is the greatest common divisor of 620 and 4919173?
31
Calculate the greatest common factor of 770 and 759710.
70
Calculate the greatest common divisor of 3244959 and 9.
9
What is the highest common divisor of 1840 and 12080?
80
Calculate the greatest common factor of 835446 and 24.
6
Calculate the greatest common divisor of 63 and 2893982.
7
Calculate the greatest common divisor of 1218 and 690209338.
406
What is the highest common divisor of 1772527 and 824?
103
What is the highest common factor of 33906623 and 1541?
1541
Calculate the highest common divisor of 8536 and 7785899.
1067
What is the greatest common divisor of 38